me factors of 982?
2, 491
What are the prime factors of 4547?
4547
What are the prime factors of 63017?
29, 41, 53
List the prime factors of 1104.
2, 3, 23
List the prime factors of 441.
3, 7
List the prime factors of 6539.
13, 503
List the prime factors of 3163.
3163
What are the prime factors of 9874?
2, 4937
What are the prime factors of 13694?
2, 41, 167
What are the prime factors of 12199?
11, 1109
What are the prime factors of 1795?
5, 359
What are the prime factors of 9634?
2, 4817
What are the prime factors of 1294?
2, 647
What are the prime factors of 11914?
2, 7, 23, 37
What are the prime factors of 50602?
2, 25301
What are the prime factors of 5658?
2, 3, 23, 41
List the prime factors of 31900.
2, 5, 11, 29
List the prime factors of 2435.
5, 487
List the prime factors of 991.
991
List the prime factors of 32270.
2, 5, 7, 461
List the prime factors of 3457.
3457
List the prime factors of 416.
2, 13
What are the prime factors of 16981?
16981
List the prime factors of 4006.
2, 2003
List the prime factors of 15569.
15569
What are the prime factors of 23791?
37, 643
What are the prime factors of 2254?
2, 7, 23
What are the prime factors of 575?
5, 23
List the prime factors of 1502.
2, 751
List the prime factors of 4437.
3, 17, 29
What are the prime factors of 2743?
13, 211
What are the prime factors of 1224?
2, 3, 17
List the prime factors of 3834.
2, 3, 71
List the prime factors of 31133.
163, 191
List the prime factors of 30540.
2, 3, 5, 509
What are the prime factors of 70151?
29, 41, 59
What are the prime factors of 24253?
79, 307
List the prime factors of 3986.
2, 1993
List the prime factors of 8421.
3, 7, 401
What are the prime factors of 17969?
7, 17, 151
What are the prime factors of 23451?
3, 7817
List the prime factors of 11447.
11447
List the prime factors of 580.
2, 5, 29
List the prime factors of 5282.
2, 19, 139
List the prime factors of 1796.
2, 449
List the prime factors of 283.
283
List the prime factors of 21709.
17, 1277
What are the prime factors of 232?
2, 29
List the prime factors of 52191.
3, 1933
What are the prime factors of 98360?
2, 5, 2459
List the prime factors of 18369.
3, 13, 157
What are the prime factors of 81889?
17, 4817
List the prime factors of 643.
643
What are the prime factors of 13184?
2, 103
What are the prime factors of 5097?
3, 1699
List the prime factors of 83.
83
What are the prime factors of 50016?
2, 3, 521
List the prime factors of 2984.
2, 373
List the prime factors of 76.
2, 19
List the prime factors of 6542.
2, 3271
List the prime factors of 23596.
2, 17, 347
What are the prime factors of 2289?
3, 7, 109
List the prime factors of 238.
2, 7, 17
What are the prime factors of 589?
19, 31
List the prime factors of 6670.
2, 5, 23, 29
What are the prime factors of 1242?
2, 3, 23
What are the prime factors of 14079?
3, 13, 19
What are the prime factors of 6709?
6709
What are the prime factors of 36636?
2, 3, 43, 71
List the prime factors of 17578.
2, 11, 17, 47
What are the prime factors of 18367?
18367
List the prime factors of 21137.
23, 919
What are the prime factors of 1474?
2, 11, 67
List the prime factors of 935.
5, 11, 17
List the prime factors of 16090.
2, 5, 1609
List the prime factors of 119344.
2, 7459
List the prime factors of 84679.
7, 12097
What are the prime factors of 287?
7, 41
List the prime factors of 37568.
2, 587
List the prime factors of 1910.
2, 5, 191
List the prime factors of 45443.
29, 1567
What are the prime factors of 34763?
34763
What are the prime factors of 3622?
2, 1811
What are the prime factors of 3211?
13, 19
List the prime factors of 2326.
2, 1163
What are the prime factors of 11897?
11897
List the prime factors of 4898.
2, 31, 79
What are the prime factors of 1063?
1063
List the prime factors of 477.
3, 53
List the prime factors of 455.
5, 7, 13
What are the prime factors of 175134?
2, 3, 17, 101
What are the prime factors of 1332?
2, 3, 37
What are the prime factors of 8664?
2, 3, 19
What are the prime factors of 24753?
3, 37, 223
List the prime factors of 849.
3, 283
List the prime factors of 9612.
2, 3, 89
List the prime factors of 4740.
2, 3, 5, 79
What are the prime factors of 39801?
3, 13267
What are the prime factors of 1228?
2, 307
List the prime factors of 11069.
11069
List the prime factors of 36035.
5, 7207
What are the prime factors of 6601?
7, 23, 41
List the prime factors of 5317.
13, 409
List the prime factors of 10217.
17, 601
What are the prime factors of 36376?
2, 4547
What are the prime factors of 19508?
2, 4877
List the prime factors of 1167.
3, 389
What are the prime factors of 2402?
2, 1201
What are the prime factors of 13975?
5, 13, 43
What are the prime factors of 1510?
2, 5, 151
What are the prime factors of 815?
5, 163
What are the prime factors of 1946?
2, 7, 139
What are the prime factors of 1035?
3, 5, 23
What are the prime factors of 25580?
2, 5, 1279
List the prime factors of 18200.
2, 5, 7, 13
List the prime factors of 60071.
11, 43, 127
What are the prime factors of 1180?
2, 5, 59
List the prime factors of 244.
2, 61
List the prime factors of 37122.
2, 3, 23, 269
What are the prime factors of 15097?
31, 487
List the prime factors of 4147.
11, 13, 29
List the prime factors of 25154.
2, 12577
What are the prime factors of 57364?
2, 14341
List the prime factors of 90902.
2, 7, 43, 151
List the prime factors of 2810.
2, 5, 281
What are the prime factors of 1862?
2, 7, 19
List the prime factors of 51809.
103, 503
List the prime factors of 17240.
2, 5, 431
What are the prime factors of 667?
23, 29
List the prime factors of 4777.
17, 281
What are the prime factors of 39264?
2, 3, 409
List the prime factors of 2057.
11, 17
List the prime factors of 6164.
2, 23, 67
What are the prime factors of 31822?
2, 7, 2273
What are the prime factors of 13375?
5, 107
What are the prime factors of 796?
2, 199
List the prime factors of 96236.
2, 7, 491
What are the prime factors of 61306?
2, 7, 29, 151
List the prime factors of 50615.
5, 53, 191
What are the prime factors of 242?
2, 11
List the prime factors of 1920.
2, 3, 5
List the prime factors of 2065.
5, 7, 59
What are the prime factors of 896?
2, 7
What are the prime factors of 10363?
43, 241
List the prime factors of 17437.
7, 47, 53
List the prime factors of 15644.
2, 3911
What are the prime factors of 1580?
2, 5, 79
What are the prime factors of 5659?
5659
List the prime factors of 5979.
3, 1993
What are the prime factors of 1987?
1987
What are the prime factors of 529?
23
What are the prime factors of 1547?
7, 13, 17
What are the prime factors of 142314?
2, 3, 23719
List the prime factors of 2148.
2, 3, 179
List the prime factors of 45937.
71, 647
List the prime factors of 6833.
6833
What are the prime factors of 22479?
3, 59, 127
List the prime factors of 341.
11, 31
List the prime factors of 1182.
2, 3, 197
List the prime factors of 127.
127
List the prime factors of 4973.
4973
What are the prime factors of 28175?
5, 7, 23
What are the prime factors of 15072?
2, 3, 157
What are the prime factors of 657?
3, 73
What are the prime factors of 809?
809
What are the prime factors of 207?
3, 23
What are the prime factors of 143719?
143719
What are the prime factors of 99695?
5, 127, 157
List the prime factors of 27297.
3, 337
List the prime factors of 291.
3, 97
List the prime factors of 9347.
13, 719
What are the prime factors of 4778?
2, 2389
List the prime factors of 17415.
3, 5, 43
What are the prime factors of 154924?
2, 7, 11, 503
What are the prime factors of 715?
5, 11, 13
What are the prime factors of 61177?
131, 467
List the prime factors of 6165.
3, 5, 137
List the prime factors of 5881.
5881
List the prime factors of 1087.
1087
List the prime factors of 1533.
3, 7, 73
List the prime factors of 211124.
2, 47, 1123
List the prime factors of 1183.
7, 13
List the prime factors of 1137.
3, 379
List the prime factors of 1423.
1423
List the prime factors of 24371.
24371
List the prime factors of 25468.
2, 6367
What are the prime factors of 62684?
2, 15671
What are the prime factors of 64?
2
List the prime factors of 2821.
7, 13, 31
List the prime factors of 5726.
2, 7, 409
List the prime factors of 462.
2, 3, 7, 11
List the prime factors of 1167.
3, 389
List the prime factors of 343